*w**2 - 3*w + 2. Let t be n(-3). Let h = -58 - t. Let f = -27 - h. What is a(f)?
7
Let d(v) = 5*v - 22*v - 38 - v**3 - 7*v**2 + 0*v + 8*v - 3. Determine d(-6).
-23
Suppose 0 = -4*h - 6*h - 390. Let t = h - -44. Let j be t + -3 + 2 - (-5 - -4). Let m(x) = -x - 1. What is m(j)?
-6
Let b(s) = s**2 + 9*s - 25. Let y(d) = -d**3 - d**2 - 11. Let o be (-13 - -13)/(0 + -1). Let u be y(o). Determine b(u).
-3
Let w(l) = -4*l + 6. Let m(s) = 5*s - 7. Let t(g) = 3*m(g) + 4*w(g). Suppose -n = 4*z + 15, -5*z - 5 - 10 = 5*n. Let d be (1/(-3))/(z/(-6 - -42)). Give t(d).
0
Let j = 1306 + -1293. Let n(v) be the third derivative of v**4/12 - 23*v**3/6 + v**2. Determine n(j).
3
Let k(d) = 3195*d + 25*d**2 - 9*d**2 + 20 - 3184*d - 15*d**2. What is k(-4)?
-8
Let c(y) be the third derivative of -y**4/6 - 5*y**3/6 + 7*y**2. Let o be 3/((-9)/2)*6/(1 - 0). Calculate c(o).
11
Let q(h) = -24*h**2 + 67*h + 92. Let g(o) = -14*o**2 + 34*o + 46. Let u(d) = 5*g(d) - 3*q(d). Let s be u(17). Let p(i) = -i**2 + 5*i. Calculate p(s).
0
Let v(s) = 551*s - 331*s + 4 + 16 - 196*s - 2 - s**2. Determine v(28).
-94
Let q(l) = 10 + 3*l**2 - 5*l**2 - 4*l**2 + 0*l - 17*l + 2*l**2 + l**3. What is q(7)?
38
Let c(w) = -2*w**2 - w + 1. Let k(o) = 11*o**2 + 15*o - 8. Let r(s) = -4*c(s) - k(s). Let q(n) = -7*n**2 - 25*n + 9. Let j(y) = 2*q(y) - 5*r(y). Give j(2).
12
Let q(n) = 7*n + 4. Let w(s) = -5*s - 121. Let v be w(-25). Suppose 4*l + 3*o = 6*o - 21, 9 = l + v*o. Calculate q(l).
-17
Suppose 97*q - 204 = -1562. Let x(f) = -2*f**3 - 30*f**2 - 26*f + 38. What is x(q)?
10
Suppose 4*n - 209 = -5*z, 15*n - 20*n + 205 = -5*z. Suppose 3*x + n = 19. Let w(u) = -u**3 - 10*u**2 - 9*u - 6. What is w(x)?
-6
Let m be 0/((-7)/(-49)*-7). Let z(r) be the third derivative of 1/2*r**3 + m*r + 0 - 1/12*r**4 - 30*r**2. Calculate z(4).
-5
Let x(h) = -7*h - 1. Let n(v) = 14 + 8 - 9 - 3*v. Let p be n(3). Suppose -6 = -5*a + p. Determine x(a).
-15
Let m(r) = -22*r + 312. Suppose 3472*n - 3440*n = 448. Calculate m(n).
4
Let u(y) be the third derivative of -y**5/20 - y**4/6 - y**3/6 - 1874*y**2. Let g be ((-24)/(-20))/((-3)/10). Determine u(g).
-33
Let a(b) = -1630*b + 403*b + 405*b + 409*b + 407*b - 24. What is a(-6)?
12
Let d(f) = -2*f**2 - 17*f + 18. Let q(x) = 3*x**2 + 15*x - 27. Let w be q(-6). What is d(w)?
9
Let n(a) be the first derivative of a**3/3 - 92*a + 128. Let z(p) be the first derivative of n(p). Calculate z(4).
8
Let r(c) be the third derivative of -1/90*c**6 + 0*c - 1/8*c**4 + 10*c**2 + 0 + 0*c**3 + 1/40*c**5. Let f(k) be the second derivative of r(k). Give f(2).
-13
Let n(v) be the first derivative of v**3/3 - 9*v**2/2 + 22*v + 47. Let m be n(7). Suppose -h = h - m. Let r(d) = -5*d + 2. What is r(h)?
-18
Let r(d) be the second derivative of 4/3*d**3 + 6 - 2*d + 1/2*d**2. Give r(-2).
-15
Let f(i) = -1536*i**2 + 6 + 2*i + 1 - 4 - 1 + 1537*i**2. Let s be 4 + (-3)/(-1 - -4). Suppose 4*c - 1 - 2 = l, 0 = -s*l - 3*c - 9. Calculate f(l).
5
Let s(r) = 7*r**2 - 2*r - 65. Let x(i) = 10*i**2 - 4*i - 65. Let n(t) = 3*s(t) - 2*x(t). Calculate n(-10).
15
Let l = -253 - -101. Let t = l + 155. Let c(f) = 2*f**2 + f + 1. Calculate c(t).
22
Let t(i) = 2*i**2 + 11*i - 23. Let g(u) = 3*u**2 + 17*u - 36. Let y(o) = -11*g(o) + 17*t(o). Suppose -3*c = -5*c. What is y(c)?
5
Let q = 50582 - 50580. Let c(d) = d + 1. Let a(f) = 4*f + 3. Let r(t) = -2*a(t) + 7*c(t). What is r(q)?
-1
Let j(y) = -6*y**2 - 6*y - 26. Let c(s) = -7*s**2 - 4*s - 28. Suppose 31*g = -3*a + 36*g + 28, a = 5*g + 16. Let t(k) = a*j(k) - 5*c(k). Calculate t(-14).
12
Let o(j) = -7*j - 1. Let f be o(-2). Let b(q) = 982*q - 466*q - 32 - 514*q. Calculate b(f).
-6
Let z(l) = 62*l**2 + 3*l + 1. Let j(r) = 98*r + 2743. Let f be j(-28). Calculate z(f).
60
Let b(v) = 3230363*v - 3230362*v + 11 + 1. Let x = -12 + 3. Determine b(x).
3
Let w(z) be the first derivative of -z**5/20 - z**4/2 + 4*z**3/3 + 3*z**2 + 62*z + 59. Let h(y) be the first derivative of w(y). Determine h(-7).
-1
Let j(t) = 5*t - 6. Suppose 13*k = -445 - 9994. Let m = k + 800. What is j(m)?
-21
Suppose -6*r = -8*r + 8. Suppose -2*h = -8*h + 18. Let z(k) = -5 + r*k + 6*k - 4*k**2 - 9*k + k**h. Determine z(4).
-1
Suppose -2*m = 2*m. Let y(o) = -5*o**2 + 17*o + 11. Let l(g) = 9*g**2 - 31*g - 19. Let q(r) = 6*l(r) + 11*y(r). What is q(m)?
7
Let o(l) = 3*l**2 - 3 - 15*l**2 - l**3 + 2*l**2 + l**2 - 10*l + 2*l**2. What is o(-5)?
-3
Let y(g) = -g**3 - 128*g**2 - 128*g - 137. Let w be y(-127). Let a(b) = 8*b + 76. Calculate a(w).
-4
Suppose -3*k = -343*s + 348*s - 4, 8 = 3*s + k. Let q(j) = -j**3 + 3*j**2 + 9*j - 12. Determine q(s).
-17
Let o(i) = i**2 + 7*i + 3. Suppose 6*z + 2*z = -480. Let t = -56 - z. Suppose 21 = -3*a - 0*j + 2*j, -j - 17 = t*a. Determine o(a).
-7
Let r(c) = -c**3 + 5*c**2 + 5*c + 1. Let t be (-2)/((-4)/(-4906)) - -5. Let m be 4/14 - t/56. Let v = -38 + m. Calculate r(v).
-5
Let c(g) be the first derivative of g**5/60 + g**4/12 - g**3/3 - 7*g**2 - 16. Let q(o) be the second derivative of c(o). Give q(-2).
-2
Let q(b) = b**2 - 2*b + 7. Let o(h) = 5*h**2 - 14*h + 36. Suppose -67 = 4*u - 111. Let f(c) = u*q(c) - 2*o(c). Give f(-3).
-4
Let r = -4714 - -4714. Let i(v) = v**3 + 2*v**2 - 1. Determine i(r).
-1
Let h(y) = 5*y + 7577 - 7577. Let b(z) = -z - 1. Let u(p) = 3*b(p) + h(p). What is u(-3)?
-9
Let h(r) = 9*r - 13. Let t = 2559 + -2555. What is h(t)?
23
Let q(s) = 3*s**2 + 6*s + 5. Let d(j) = 9*j**3 + 9*j**2 - j - 7. Let b(i) = -8*i**3 - 8*i**2 + i + 6. Let w(z) = 7*b(z) + 6*d(z). Let m be w(1). Calculate q(m).
14
Let m(k) = -k**3 + 2*k**2 + 5*k + 4. Let q be (-4 + 63 + 8)*-7. Let x = q - -466. Calculate m(x).
34
Let f be (-4)/(-20) + 116/20. Let r(u) be the first derivative of -u**2/2 - 5*u + 1000. What is r(f)?
-11
Let k(l) be the third derivative of l**5/60 - 41*l**4/24 + 106*l**3/3 + 2385*l**2. Calculate k(35).
2
Let p(s) = s + 4. Let k(o) = -30*o - 85. Let a be k(-3). Let c be a/(30/42) + -17. Calculate p(c).
-6
Let j(r) = -69*r - 70. Let i(s) = 24*s + 2. Let u(x) = -i(x) - j(x). What is u(-2)?
-22
Let p be (29 - (-2288)/(-77))*7. Let l(r) = 3*r**3 - 2*r**2 - 4*r - 10. Let w(f) = -2*f**3 + 3*f**2 + 4*f + 9. Let y(m) = 3*l(m) + 4*w(m). Calculate y(p).
11
Let m(k) = k - 7. Let w be ((-11)/(-6) - -2 - 3)*6. Let h be w/(-3)*-3 + 65/(-13). Determine m(h).
-7
Let l(u) = u**3 - 4*u**2 - 10*u + 10. Suppose j + 3*x - 7 + 16 = 0, x = -4*j + 19. Calculate l(j).
22
Let o be (-96)/8 + 13 + (2 - 0). Let z(i) = i**3 - 2*i**2 - 16. Give z(o).
-7
Let d(u) be the third derivative of u**7/5040 + u**6/80 + 17*u**5/60 + u**4/12 - 8*u**2 - 1. Let t(v) be the third derivative of d(v). Determine t(0).
9
Let h = 68 - 90. Let p(c) = 4*c**2 - 3*c + 3. Let g(i) = -17*i**2 + 11*i - 11. Let u(f) = h*p(f) - 6*g(f). Determine u(-1).
14
Let j(l) = 6*l + 38. Let y be j(-7). Let k(i) be the first derivative of -1/3*i**3 + 6 - 3*i + 0*i**2. Give k(y).
-19
Let g(s) = 93*s + 2704. Let l be g(-29). Let k(x) = -8*x + 24. Give k(l).
-32
Suppose -c = -3*c - 8. Let z = 4 - 2. Let r = c + z. Let o(g) = -4*g**2 - 3*g - 2. Calculate o(r).
-12
Suppose 2*c - 3*m - 2*m = -11, 5*c + 5 = 5*m. Let v = -84 + 92. Let w(f) = -16*f. Let y(l) = -44*l. Let q(k) = v*w(k) - 3*y(k). What is q(c)?
8
Suppose -4288 = -5*t + 9487. Let z(c) = 0*c - 2756*c**3 - 1 + 6*c**2 - 3*c + t*c**3. What is z(5)?
9
Let x(b) be the second derivative of -3*b**5/20 + 13*b**4/6 + 3*b**3/2 - 4*b**2 - 24*b + 22. Determine x(9).
-8
Suppose -3*i = -3*z + 18, -3*z + 16 + 6 = -5*i. Suppose -21 = c + 4*m - 5, 0 = -2*c - z*m - 12. Let t be -3*1 - 6*c/(-8). Let h(f) = -f - 10. Give h(t).
-10
Let a(j) = j - 3. Let z be a(0). Let m(d) be the third derivative of 2/3*d**3 + 0*d - 1/8*d**4 + 1/30*d**5 - 23*d**2 + 1/120*d**6 + 0. Give m(z).
4
Let z(x) = 11*x - 11*x + x**3 + 2*x - 5*x**2 - 11 - 9 + 6. What is z(5)?
-4
Let s(z) = -z**3 + 7*z**2 - 6*z - 7. Let m = 309 + -300. Let i be 7 + ((-36)/m)/4. Give s(i).
-7
Let t(r) = r**2 + 24*r + 26. Let z = -2289 - -2265. Determine t(z).
26
Let n(f) = -f**2 - 3*f - 2. Let p be 5 + -3 - (2 + (-1 - 0)). Let i be (-4)/(-22) - (-126)/33*p. Suppose 30 = -t - i*t. What is n(t)?
-20
Let m be (-2 - -6)/(-2*4/72). Let f = m - -43. Let r(u) = -7 + 8 - 6 + u. Calculate r(f).
2
Let n(i) = -22*i**2 + 284*i - 243. Let j be n(12). Let v(t) = 26*t